) = 7*c**2 - 8*c**2 + c - c - f*c. Determine h(-2).
0
Let z(g) = -6*g**2 + 1 + g**2 + 0*g**2. Let a(v) = v**2 + 91*v + 1961. Let d be a(-56). Give z(d).
-4
Let w(t) = -t**3 + t - 2. Suppose 22 = 19*u - 8*u. Calculate w(u).
-8
Let d(j) = -j - 8. Let w(l) be the third derivative of 0 - 3*l**2 - 1/24*l**4 + 0*l - 3/2*l**3. Let s(a) = -6*d(a) + 5*w(a). Give s(-2).
1
Suppose -10 = 2*j - f, -2*j + 2*f - 26 = -3*f. Let c(i) = 2*i - 4. Let q(d) = d - 5. Let u(b) = j*c(b) + 4*q(b). Suppose -2*w - 35 = 3*w. Give u(w).
6
Let s(d) = -11 + d**2 + 0*d + 24 - 11*d. Suppose -2*m + 15 = 3*g - 0, 0 = 2*g + 2. Determine s(m).
-5
Suppose -10 = -2*d + 2*v, 2*d + v - 1 = -0*d. Suppose d*w + 0*w = 8. Suppose -s + 25 = w*m - 9*m, 2*m = -8. Let n(g) = g**2 - 7*g - 2. Give n(s).
-12
Let w = -55 + 59. Suppose w*s = -4*m + s - 11, -4*m - 4*s - 12 = 0. Let q(b) = -b**3 - 3*b**2 - b + 1. Determine q(m).
-1
Let j(v) = -v**2 - 4*v**2 + 3*v**2. Suppose 0*m + 348 = 4*n + 4*m, 0 = -n + 5*m + 111. Suppose 3*z - 88 + n = 0. Give j(z).
-2
Suppose 6 = 2*u - 0. Let j = 6 - u. Suppose j*b + 3 = -3*m, m + 3*b + 9 = -4*m. Let k(w) = 2*w**2 + 4*w + 1. Determine k(m).
7
Let x(d) = 4*d**2 + 7*d. Let n(u) = -5*u**2 - 9*u. Let f(p) = -3*n(p) - 4*x(p). Give f(-2).
-2
Suppose 8*c - c = 28. Let o(h) = h**3 - 5*h**2 - h. What is o(c)?
-20
Suppose 5*j - 4 = 51. Let u(k) = -k**3 + 12*k**2 - 11*k + 3. Let n be u(j). Let m(s) = s**2 - 7 + s**n - 4*s**2 + 3*s + 8 + 0*s**2. Determine m(3).
10
Let s(c) = 21*c**3 + c**2 - 2*c. Let v be s(1). Let h be v/(-15)*(-1 - -4). Let u = h + 8. Let w(a) = -a**2 + 6*a - 3. What is w(u)?
5
Let a(g) = 3*g. Let j(h) = 2*h - 3. Let i(n) = -3*a(n) + 5*j(n). What is i(10)?
-5
Suppose 5*u + 14 = 59. Let j = u + -12. Let c(s) = 2 - 5*s - 2 - 2. Determine c(j).
13
Let v(o) = 10*o - 10. Suppose -g = 2*g - 36. Let h = -49 - -54. Let z(y) = -4*y + 4. Let w(a) = g*z(a) + h*v(a). What is w(5)?
8
Let t(p) = -35*p**2 - 12*p + 89*p**2 + 6 - 53*p**2. Calculate t(11).
-5
Let k = -118 + 122. Suppose 7*r = 5*r - k. Let h(y) = -y**3 - 4*y**2 - 2*y - 1. Calculate h(r).
-5
Let a(u) be the third derivative of u**6/20 + u**5/30 - u**4/12 + u**3/6 - 92*u**2. What is a(1)?
7
Let p(c) = -2*c**2 - 2*c. Let h be p(-2). Let o(n) be the second derivative of -3*n + n**2 - 1/6*n**3 + 0. Give o(h).
6
Let m(g) = -13*g + 18 + 2 - g**2 + 24. Let k be m(-16). Let v(t) = t**2 + 7*t + 1. Give v(k).
-11
Let y be (0/10)/(-3 - 2/(-2)). Let i(k) = k**2 + 36. Calculate i(y).
36
Let b(x) = -4 + 2 - 1 + 1 - x. Let h = 85 - 87. Give b(h).
0
Let w(r) = -7*r**3 + 15*r**2 + 8*r + 30. Let z(q) = -11*q**3 + 24*q**2 + 13*q + 45. Let d(m) = -8*w(m) + 5*z(m). Let n = 0 - 0. Give d(n).
-15
Let j(k) = -3. Let p(g) = -g**2 - g + 22. Let m(c) = 6*j(c) + p(c). Calculate m(2).
-2
Let a = 8 + -8. Let l(n) = a*n - 17*n**2 - 1 - 5*n + 18*n**2 + 3. Let b = -3 + 8. What is l(b)?
2
Let l(y) = -y - 1. Let r(f) = f**2 - 8*f - 8. Suppose 7*j = 5*j - 48. Let s(d) = j*l(d) + 3*r(d). Determine s(3).
27
Let q(w) be the third derivative of 7*w**5/60 + w**3/6 - 2*w**2. Suppose x + 36 = 3*x. Suppose 3*k = -5*t + x, 2*k - t - 2*t + 7 = 0. What is q(k)?
8
Let d(i) = -2*i - 1. Suppose -2*w - w + 30 = -3*a, -3*w + 10 = a. Let c(o) = o. Let y(l) = w*c(l) + 2*d(l). Determine y(-6).
-8
Let d(t) = -5*t + 6. Let b(y) = -6*y + 71. Let s be b(11). Give d(s).
-19
Let p(g) be the first derivative of g**6/360 - g**5/60 - g**4/24 - 3*g**3 - 7. Let n(c) be the third derivative of p(c). What is n(-2)?
7
Let t(p) be the third derivative of -p**4/12 - 2*p**3/3 + 2*p**2. Let a(f) = -f**3 + f**2 + 14*f - 13. Let h be a(4). Give t(h).
6
Let l(a) = -a**2 - 18*a + 18. Let u = 194 + -212. Determine l(u).
18
Suppose z + z = 8. Suppose 2*c + 11 = 3*p, p = 5*c + z + 4. Let u(y) = y - y**3 - y**p + 22*y**2 - 24*y**2. Calculate u(1).
-3
Let w(o) be the second derivative of -1/2*o**3 + 2*o**2 + 0 + 21*o. What is w(-3)?
13
Let f(d) = d**3 + 8*d**2 + 269*d - 127*d - 150*d + 10. Determine f(-9).
1
Let h(y) be the second derivative of y**5/20 - 3*y**4/4 + y**3/2 - 11*y**2/2 + 115*y - 3. Calculate h(8).
-51
Suppose -106*w = 4*b - 109*w - 65, -2*w = -3*b + 49. Let c(a) = a**2 - 16*a - 21. Give c(b).
-4
Let x = 6 + -2. Suppose -d + 4 = 2*g, -g - x*g = 5. Suppose 0*u + u - d = 0. Let c(b) = -b + 6. What is c(u)?
0
Suppose 3*q + m - 6*m + 24 = 0, -5*m + 16 = -2*q. Let r(d) = -d**2 - 9*d - 8. Calculate r(q).
0
Let w(s) = -3*s - 17. Let b be -4 + (-44)/(-8) + 45/(-6). Determine w(b).
1
Let m(r) = -2*r - 5. Let b be (-9)/18*(-20)/2. Suppose 0 = 3*y - 2*y - 1, 4*h - b*y - 11 = 0. Give m(h).
-13
Let j(p) = -p**3 - 6*p**2 + p + 4. Let z = -19 + 11. Let h = -3 - z. Suppose 3*g + 43 = -h*f, -55 = 5*g - 3*f + 8*f. Calculate j(g).
-2
Let y(z) = 1 + 65 + 44*z - 53*z - 26. Give y(4).
4
Suppose -24*q + 3 = -25*q. Let f(v) = -v**3 - 5*v**2 - v + 3. Determine f(q).
-12
Let g(d) = d**2 + 11*d + 2. Suppose 9*a + 16 = 7*a - 4*b, a - 4*b + 14 = 0. Calculate g(a).
-8
Let c(s) = s**2 - 5*s + 2. Let n be (-552)/(-84) - (-6)/14. Let y = 12 - n. Give c(y).
2
Let b(k) = -2*k**2 + 1 - 3*k + 6*k + 0*k. Suppose -9*p + 21*p = 780. Suppose 6 = -68*r + p*r. Give b(r).
-13
Let k(c) = -c - 4 + 11 - 3 + 3. Calculate k(6).
1
Let o = -69 + 102. Suppose 3*u + 2*v = -2*v + o, 3*u - 30 = -3*v. Let w(m) = 4*m - 5*m + 3*m - 9. Determine w(u).
5
Suppose -14*m - 68 = -26. Let a(y) = y + 1. What is a(m)?
-2
Let a(n) = -n**2 - 4*n. Let y(i) = -i**3 - 7*i**2 - 9*i + 7. Let w be y(-5). Suppose 0 = w*c - 7*c - 2*k - 25, -4*c = -k + 20. Give a(c).
-5
Suppose -u + 7 = 4. Let b(a) = -17*a - a**u + 18*a - 2*a**2 - 7 + 8*a**2. Calculate b(6).
-1
Let h(l) = -2*l**3 - 11*l**2 - 8*l - 13. Let g be h(-5). Let d(z) be the second derivative of -3*z + 0 - 1/2*z**g + 1/12*z**4 + 2/3*z**3. Give d(-3).
-4
Let t(a) = a - 10. Let c(j) = -3*j - 38. Let p be c(-14). Suppose -p*d = 3*d. Determine t(d).
-10
Let o(n) be the first derivative of n**2 - 2*n - 1. Suppose 18*m - 20*m = 0. Suppose -c + m = 2. Determine o(c).
-6
Let u = -25 - -130. Let r(k) = -k - 103 + 3*k + u. What is r(2)?
6
Let o(c) = 4 - 17 + 2 - c + 3. Calculate o(-5).
-3
Let y(i) = i**3 - 5*i**2 + i + 2. Let a be y(5). Suppose 3*c - 5*n + a = c, 2 = -2*n. Let j(p) = p**2 + 6*p + 6. Determine j(c).
6
Let p(m) be the first derivative of 0*m - 2 + 3/2*m**3 - m**2 + 1/12*m**4. Let i(g) be the second derivative of p(g). Determine i(-6).
-3
Let j(i) be the third derivative of -i**6/40 - i**5/30 + i**4/6 - i**3/2 - 600*i**2. Calculate j(1).
-4
Let o be ((-12)/(-20))/(1/5). Let w(y) = 4*y**2 + y - 1. Let t(f) = -11*f**2 - 7*f + 2. Let d(n) = t(n) + 3*w(n). Determine d(o).
-4
Let z be ((-1 - 0)*-1)/((-31)/62). Let u(w) = w**2 - 7*w - 14. Determine u(z).
4
Let j(w) = 11*w**3 - 4*w**2 - 3*w - 7. Let l(o) be the second derivative of -o**5/5 + o**4/12 + o**3/6 + o**2 - 9*o. Let i(u) = 3*j(u) + 8*l(u). Determine i(5).
15
Let x be (-105)/(-27) + 8/72 + -1. Let j(p) be the third derivative of 1/120*p**6 - 1/12*p**4 + 0 + 0*p - 6*p**2 + p**x - 1/15*p**5. What is j(4)?
-2
Suppose 0 = 4*d - 19 - 1. Suppose 18 + 7 = d*w. Let u(k) = k**3 - 6*k**2 + 2*k + 7. Calculate u(w).
-8
Let u(j) be the third derivative of j**4/6 - 5*j**3/3 - 474*j**2. Calculate u(1).
-6
Let g(b) = -59 + 21 - b**2 + 3*b + 22 + 0*b + 22. Let t(f) = f**2 - 6*f + 5. Suppose -v + 12 = v. Let u be t(v). Determine g(u).
-4
Let l be 1 - 9*(-3)/(-9). Let m = -14 - -15. Let h(z) = -m - 5*z - 5*z + 7*z - z**2. Calculate h(l).
1
Let d(b) be the first derivative of -1/3*b**3 - 6 - 4*b - 3/2*b**2. Calculate d(-3).
-4
Suppose -3*k + 138 = 147. Let y(g) = -g**3 - 4*g**2 + g + 3. What is y(k)?
-9
Let o(m) = m + 5. Let n(j) = 2*j + 14. Let s be n(7). Let i = s - 33. What is o(i)?
0
Let a be (-2)/(-48)*18*16. Let d(i) = -i + 14. Determine d(a).
2
Let v(u) be the first derivative of -u**4/4 + u**3 + u**2/2 + u + 31. Give v(2).
7
Let p(s) be the third derivative of s**6/720 + s**5/60 + 5*s**4/8 + 20*s**2. Let a(t) be the second derivative of p(t). Give a(0).
2
Let q(y) = -y**3 - 5*y**2 + y + 3. Suppose -4*o + 114 = -0*z + 3*z, -4*z + 4*o + 152 = 0. Let w = 33 - z. Give q(w).
-2
Let y(r) = -15*r + 1. Suppose o + 52 = -2*s + 5*s, -4 = 2*s. Let h = o - -59. What is y(h)?
-14
Let t(q) be the second derivative of q**3/6 + 10*q**2 + 20*q - 39. Suppose 0